{"id":51,"date":"2020-02-29T12:11:48","date_gmt":"2020-02-29T11:11:48","guid":{"rendered":"http:\/\/le-myconos.be\/?page_id=51"},"modified":"2025-07-01T17:54:47","modified_gmt":"2025-07-01T15:54:47","slug":"menu","status":"publish","type":"page","link":"http:\/\/le-myconos.be\/index.php\/menu\/","title":{"rendered":"Menu"},"content":{"rendered":"\n<p><strong>Notre CARTE <br>Vous pouvez d\u00e8s \u00e0 pr\u00e9sent d\u00e9couvrir:<\/strong><\/p>\n\n\n\n<div class=\"wp-block-file\"><a id=\"wp-block-file--media-64368680-90c1-4e30-a30d-45e46fa553f5\" href=\"http:\/\/le-myconos.be\/wp-content\/uploads\/2024\/07\/carte-1.doc\">Carte2024. ATTENTION LISTE DE PRIX NON MISE A JOUR<\/a><a href=\"http:\/\/le-myconos.be\/wp-content\/uploads\/2024\/07\/carte-1.doc\" class=\"wp-block-file__button\" download aria-describedby=\"wp-block-file--media-64368680-90c1-4e30-a30d-45e46fa553f5\">T\u00e9l\u00e9charger<\/a><\/div>\n\n\n\n<p><\/p>\n\n\n\n<div class=\"wp-block-file\"><a id=\"wp-block-file--media-9d4e2d4b-5f74-4235-b924-bc67a3aa3f8a\" href=\"http:\/\/le-myconos.be\/wp-content\/uploads\/2024\/07\/MENUE-ENGLISCH2024.doc\">English Menu<\/a><a href=\"http:\/\/le-myconos.be\/wp-content\/uploads\/2024\/07\/MENUE-ENGLISCH2024.doc\" class=\"wp-block-file__button\" download aria-describedby=\"wp-block-file--media-9d4e2d4b-5f74-4235-b924-bc67a3aa3f8a\">Download<\/a><\/div>\n\n\n\n<p>For people speaking others languages, the English menu<\/p>\n\n\n\n<p><\/p>\n\n\n\n<p><strong>Pour les groupes de 15 personnes ou plus,<br>nous vous proposons deux formules afin de faciliter le travail et le service du restaurant.<\/strong>  <br>Certaines modifications restent cependant possibles, n&rsquo;h\u00e9sitez pas \u00e0 demander conseil <strong>:<\/strong><\/p>\n\n\n\n<div class=\"wp-block-file\"><a id=\"wp-block-file--media-53d7bb3e-d1f9-4fd0-b31a-354c42209d71\" href=\"http:\/\/le-myconos.be\/wp-content\/uploads\/2024\/07\/menu40.pdf\" target=\"_blank\" rel=\"noreferrer noopener\">Menu 40,00 \u20ac\/p<\/a><a href=\"http:\/\/le-myconos.be\/wp-content\/uploads\/2024\/07\/menu40.pdf\" class=\"wp-block-file__button\" download aria-describedby=\"wp-block-file--media-53d7bb3e-d1f9-4fd0-b31a-354c42209d71\">T\u00e9l\u00e9charger<\/a><\/div>\n\n\n\n<div class=\"wp-container-1 wp-block-group\"><div class=\"wp-block-group__inner-container\">\n<div class=\"wp-block-file\"><a id=\"wp-block-file--media-9ee7921c-20a5-4c6d-810b-bfabb4bca1c7\" href=\"http:\/\/le-myconos.be\/wp-content\/uploads\/2024\/07\/menu55.pdf\" target=\"_blank\" rel=\"noreferrer noopener\">Menu 55,00\u20ac\/p<\/a><a href=\"http:\/\/le-myconos.be\/wp-content\/uploads\/2024\/07\/menu55.pdf\" class=\"wp-block-file__button\" download aria-describedby=\"wp-block-file--media-9ee7921c-20a5-4c6d-810b-bfabb4bca1c7\">T\u00e9l\u00e9charger<\/a><\/div>\n<\/div><\/div>\n\n\n\n<p><\/p>\n","protected":false},"excerpt":{"rendered":"<p>Notre CARTE Vous pouvez d\u00e8s \u00e0 pr\u00e9sent d\u00e9couvrir: For people speaking others languages, the English menu Pour les groupes de 15 personnes ou plus,nous vous proposons deux formules afin de faciliter le travail et le service du restaurant. Certaines modifications restent cependant possibles, n&rsquo;h\u00e9sitez pas \u00e0 demander conseil :<\/p>\n","protected":false},"author":1,"featured_media":69,"parent":0,"menu_order":0,"comment_status":"closed","ping_status":"closed","template":"","meta":[],"_links":{"self":[{"href":"http:\/\/le-myconos.be\/index.php\/wp-json\/wp\/v2\/pages\/51"}],"collection":[{"href":"http:\/\/le-myconos.be\/index.php\/wp-json\/wp\/v2\/pages"}],"about":[{"href":"http:\/\/le-myconos.be\/index.php\/wp-json\/wp\/v2\/types\/page"}],"author":[{"embeddable":true,"href":"http:\/\/le-myconos.be\/index.php\/wp-json\/wp\/v2\/users\/1"}],"replies":[{"embeddable":true,"href":"http:\/\/le-myconos.be\/index.php\/wp-json\/wp\/v2\/comments?post=51"}],"version-history":[{"count":25,"href":"http:\/\/le-myconos.be\/index.php\/wp-json\/wp\/v2\/pages\/51\/revisions"}],"predecessor-version":[{"id":241,"href":"http:\/\/le-myconos.be\/index.php\/wp-json\/wp\/v2\/pages\/51\/revisions\/241"}],"wp:featuredmedia":[{"embeddable":true,"href":"http:\/\/le-myconos.be\/index.php\/wp-json\/wp\/v2\/media\/69"}],"wp:attachment":[{"href":"http:\/\/le-myconos.be\/index.php\/wp-json\/wp\/v2\/media?parent=51"}],"curies":[{"name":"wp","href":"https:\/\/api.w.org\/{rel}","templated":true}]}}